{"id":50,"date":"2020-04-05T18:55:19","date_gmt":"2020-04-05T09:55:19","guid":{"rendered":"https:\/\/sudaissei.com\/official\/?page_id=50"},"modified":"2023-07-07T15:00:46","modified_gmt":"2023-07-07T06:00:46","slug":"collections","status":"publish","type":"page","link":"https:\/\/sudaissei.com\/official\/collections\/","title":{"rendered":"\u4e3b\u306a\u53ce\u8535"},"content":{"rendered":"\n<h2 class=\"wp-block-heading\"><strong><span class=\"has-inline-color\" style=\"color:#451c86\"><span style=\"color:#cf2e2e\" class=\"tadv-color\">\u4e3b\u306a\u53ce\u8535<\/span><\/span><\/strong><\/h2>\n\n\n\n<p>\u6771\u4eac\u90fd\u5199\u771f\u7f8e\u8853\u9928\uff08\u6771\u4eac\uff09<br>\u6771\u4eac\u56fd\u7acb\u8fd1\u4ee3\u7f8e\u8853\u9928\uff08\u6771\u4eac\uff09<br>\u6a2a\u6d5c\u7f8e\u8853\u9928\uff08\u795e\u5948\u5ddd\uff09<br>\u6a2a\u6d5c\u5e02\u6c11\u30ae\u30e3\u30e9\u30ea\u30fc\uff08\u795e\u5948\u5ddd\uff09<br>\u5ddd\u5d0e\u5e02\u5e02\u6c11\u30df\u30e5\uff0d\u30b8\u30a2\u30e0\uff08\u795e\u5948\u5ddd\uff09<br>\u7fa4\u99ac\u770c\u7acb\u9928\u6797\u7f8e\u8853\u9928\uff08\u7fa4\u99ac\uff09<br>\u5bae\u57ce\u770c\u7f8e\u8853\u9928\uff08\u5bae\u57ce\uff09<br>\u571f\u9580\u62f3\u8a18\u5ff5\u9928\uff08\u5c71\u5f62\uff09<br>\u5c71\u53e3\u770c\u7acb\u7f8e\u8853\u9928\uff08\u5c71\u53e3\uff09<br>\u6e05\u91cc\u30d5\u30a9\u30c8\u30a2\u30fc\u30c8\u30df\u30e5\u30fc\u30b8\u30a2\u30e0\uff08\u5c71\u68a8\uff09<br>\u6771\u4eac\u5de5\u82b8\u5927\u5b66\uff08\u6771\u4eac\uff09<br>\u5927\u962a\u82b8\u8853\u5927\u5b66\uff08\u5927\u962a\uff09<br>\u6771\u5ddd\u753a\uff08\u5317\u6d77\u9053\uff09<br>\u5bcc\u58eb\u30d5\u30a3\u30eb\u30e0\u682a\u5f0f\u4f1a\u793e\uff08\u6771\u4eac\uff09<br>\u682a\u5f0f\u4f1a\u793e\u30a2\u30de\u30ca (\u6771\u4eac)<br>\u30b5\u30f3\u30d5\u30e9\u30f3\u30b7\u30b9\u30b3\u8fd1\u4ee3\u7f8e\u8853\u9928\uff08\u30a2\u30e1\u30ea\u30ab\uff09<br>\u30d2\u30e5\u30fc\u30b9\u30c8\u30f3\u7f8e\u8853\u9928\uff08\u30a2\u30e1\u30ea\u30ab\uff09<br>J\u30fb\u30dd\u30fc\u30eb\u30fb\u30b2\u30c6\u30a3\u7f8e\u8853\u9928\uff08\u30a2\u30e1\u30ea\u30ab\uff09<br>\u30b5\u30f3\u30bf\u30fb\u30d0\u30fc\u30d0\u30e9\u7f8e\u8853\u9928\uff08\u30a2\u30e1\u30ea\u30ab\uff09<br>\u30cd\u30eb\u30bd\u30f3\u30fb\u30a2\u30c8\u30ad\u30f3\u30b9\u7f8e\u8853\u9928 (\u30a2\u30e1\u30ea\u30ab)<br>\u30d5\u30ea\u30fc\u30a2\uff5c\u30b5\u30c3\u30af\u30e9\u30fc\u3001\u30b9\u30df\u30bd\u30cb\u30a2\u30f3\u30fb\u30a2\u30b8\u30a2\u7f8e\u8853\u9928\uff08\u30a2\u30e1\u30ea\u30ab\uff09<br>\u30d7\u30ea\u30f3\u30b9\u30c8\u30f3\u5927\u5b66\uff08\u30a2\u30e1\u30ea\u30ab\uff09<br>\u30a2\u30ea\u30be\u30ca\u5927\u5b66\uff08\u30a2\u30e1\u30ea\u30ab\uff09<br>\u30b7\u30ab\u30b4\u7f8e\u8853\u9928 (\u30a2\u30e1\u30ea\u30ab)<br>\u30d5\u30e9\u30f3\u30b9\u56fd\u7acb\u56f3\u66f8\u9928\uff08\u30d5\u30e9\u30f3\u30b9\uff09<br>\u30e8\u30fc\u30ed\u30c3\u30d1\u5199\u771f\u7f8e\u8853\u9928\uff08\u30d5\u30e9\u30f3\u30b9\uff09<br>\u30cf\u30f3\u30d6\u30eb\u30b0\u7f8e\u8853\u5de5\u82b8\u535a\u7269\u9928 (\u30c9\u30a4\u30c4)<br>\u30d5\u30a9\u30eb\u30af\u30f4\u30a1\u30f3\u30af\u7f8e\u8853\u9928\uff08\u30c9\u30a4\u30c4\uff09<br>\u30b6\u30eb\u30c4\u30d6\u30eb\u30b0\u8fd1\u4ee3\u7f8e\u8853\u9928\uff08\u30aa\u30fc\u30b9\u30c8\u30ea\u30a2\uff09<\/p>\n\n\n\n<!--nextpage-->\n\n\n\n<h2 class=\"wp-block-heading\"><strong><span class=\"has-inline-color\" style=\"color:#451c86\"><span style=\"color:#cf2e2e\" class=\"tadv-color\">Public Collections<\/span><\/span><\/strong><\/h2>\n\n\n\n<p>Tokyo Photographic Art Museum, Tokyo<br>The National Museum of Modern Art, Tokyo, Tokyo<br>Yokohama Museum of Art, Kanagawa<br>Yokohama Civic Art Gallery, Kanagawa<br>Kawasaki City Museum, Kanagawa<br>Gunma Museum of Art, Tatebayashi, Gunma<br>Miyagi Museum of Art, Miyagi<br>Ken Domon Museum of Photograrhy, Yamagata<br>Yamaguchi Prefectural Art Museum, Yamaguchi<br>Kiyosato Museum of Photographic Arts, Yamanashi<br>Tokyo Polytechnic University, Tokyo<br>Osaka University of Arts, Osaka<br>Higashikawa-cho, Hokkaido<br>San Francisco Museum of Modern Art, San Francisco, U.S.<br>Museum of Fine Arts, Houston, U.S.<br>J.Paul Getty Museum, Los Angeles, U.S.<br>Santa Barbara Museum of Art, Santa Barbara, U.S.<br>The Nelson-Atkins Museum of Art, Kansas City, U.S.<br>Freer Gallery of Art and Arthur M. Sackler Gallery, Smithsonian Institution, Washington, DC, U.S.<br>Princeton University Art Museum, Princeton, U.S.<br>Center for Creative Photography, The University of Arizona, Tucson, U.S.<br>The Art Institute of Chicago, Chicago, U.S.<br>Biblioth\u00e8que nationale de France, Paris, France<br>Maison Europ\u00e9enne de la Photographie, Paris, France<br>Museum f\u00fcr Kunst und Gewerbe, Hamburg, Germany<br>Museum Folkwang, Essen, Germany<br>Museum der Moderne Salzburg, Salzburg, Austria<\/p>\n","protected":false},"excerpt":{"rendered":"<p>\u4e3b\u306a\u53ce\u8535 \u6771\u4eac\u90fd\u5199\u771f\u7f8e\u8853\u9928\uff08\u6771\u4eac\uff09\u6771\u4eac\u56fd\u7acb\u8fd1\u4ee3\u7f8e\u8853\u9928\uff08\u6771\u4eac\uff09\u6a2a\u6d5c\u7f8e\u8853\u9928\uff08\u795e\u5948\u5ddd\uff09\u6a2a\u6d5c\u5e02\u6c11\u30ae\u30e3\u30e9\u30ea\u30fc\uff08\u795e\u5948\u5ddd\uff09\u5ddd\u5d0e\u5e02\u5e02\u6c11\u30df\u30e5\uff0d\u30b8\u30a2\u30e0\uff08\u795e\u5948\u5ddd\uff09\u7fa4\u99ac\u770c\u7acb\u9928\u6797\u7f8e\u8853\u9928\uff08\u7fa4\u99ac\uff09\u5bae\u57ce\u770c\u7f8e\u8853\u9928\uff08\u5bae\u57ce\uff09\u571f\u9580\u62f3\u8a18\u5ff5\u9928\uff08\u5c71\u5f62\uff09\u5c71\u53e3\u770c\u7acb\u7f8e\u8853\u9928&#8230;<\/p>\n","protected":false},"author":1,"featured_media":0,"parent":0,"menu_order":0,"comment_status":"closed","ping_status":"closed","template":"","meta":{"footnotes":""},"class_list":["post-50","page","type-page","status-publish","hentry"],"aioseo_notices":[],"_links":{"self":[{"href":"https:\/\/sudaissei.com\/official\/wp-json\/wp\/v2\/pages\/50","targetHints":{"allow":["GET"]}}],"collection":[{"href":"https:\/\/sudaissei.com\/official\/wp-json\/wp\/v2\/pages"}],"about":[{"href":"https:\/\/sudaissei.com\/official\/wp-json\/wp\/v2\/types\/page"}],"author":[{"embeddable":true,"href":"https:\/\/sudaissei.com\/official\/wp-json\/wp\/v2\/users\/1"}],"replies":[{"embeddable":true,"href":"https:\/\/sudaissei.com\/official\/wp-json\/wp\/v2\/comments?post=50"}],"version-history":[{"count":17,"href":"https:\/\/sudaissei.com\/official\/wp-json\/wp\/v2\/pages\/50\/revisions"}],"predecessor-version":[{"id":1132,"href":"https:\/\/sudaissei.com\/official\/wp-json\/wp\/v2\/pages\/50\/revisions\/1132"}],"wp:attachment":[{"href":"https:\/\/sudaissei.com\/official\/wp-json\/wp\/v2\/media?parent=50"}],"curies":[{"name":"wp","href":"https:\/\/api.w.org\/{rel}","templated":true}]}}